ose -6*a - 40 = -11*a. Let r(i) = -2 + 3 - 5*i - i**3 - a*i**2 + 8. Let u = -186 - -179. Give r(u).
-5
Let i(h) be the first derivative of -h**4/2 + 13*h**3/3 - 4*h**2 + 15*h + 7695. Give i(6).
3
Let u(v) = v**3 - 13*v**2 + 31*v + 7. Let f = -4509 - -4519. Give u(f).
17
Let k(p) be the first derivative of -p**3/3 + 3*p**2/2 + 6*p + 704. Let h = 12 - 7. Calculate k(h).
-4
Let k(n) be the first derivative of 7*n**2 + 204*n + 2271. Give k(-15).
-6
Suppose -5*j + 2*j = -5*g - 25, 0 = 4*g - 4*j + 28. Let a be 5/g*(-390)/(-150)*2. Let h(t) = 2*t + 13. Calculate h(a).
-13
Let i(k) = -k. Suppose 34 = -7*m - 1. Let f be (2 - 0) + 5/m. Suppose -s - f - 3 = 0. Calculate i(s).
4
Let p(z) = -2*z**2 + z + 20. Let n(v) = -v**2 + 10. Let o(q) = 9*n(q) - 4*p(q). Let j be (-848)/159*(-18)/(-12). Give o(j).
-22
Let p be ((-26)/(-5) + -4)/(3/5). Let s(a) = 170*a - 5*a**p - 84*a + 1 - 85*a. Calculate s(-2).
-21
Let a(z) be the third derivative of 0*z**3 - 1/15*z**5 + 8*z**2 - 1/120*z**6 - 1/4*z**4 + 0*z - 18. Calculate a(-3).
9
Let s be -70 - (5 + -2 + -3). Let j = 81 + s. Let a(w) = -22*w + 23*w - j - 1. Determine a(7).
-5
Let o(a) = 12381*a - a**3 - 10*a**2 - 4 - 2 - 12379*a. Give o(-9).
-105
Let u(n) = 6*n**3 + 5*n**2 + 27*n - 12. Let c(w) = -w**3 - 6*w + 2. Let q(a) = -5*c(a) - u(a). Calculate q(2).
-20
Let x(t) = -t**2 + 146*t + 1896. Let f be x(-12). Let r(q) = q**3 + 3*q**2 - 2*q + 1. Determine r(f).
1
Let o(p) = p**3 + p**2 - 2*p + 2. Let r(v) = -6*v**3 + 3*v**2 + 21*v + 4. Let t(i) = 5*o(i) + r(i). Calculate t(10).
-76
Let m(k) = -k**3 + 4*k**2 + 4*k - 1. Let w be m(5). Let y(p) = 30751*p + 30751*p - 61497*p - 5 + p**2. Give y(w).
1
Let t(f) = -f**3 + 6*f**2 + 6*f. Let x(u) = 5*u**2 + 10*u**2 + 7 - 3*u - 21*u - 12*u**2. Let l be x(8). Determine t(l).
-7
Let r(q) be the third derivative of -q**5/20 - q**4/24 - q**3/3 + q**2 + 195*q + 1. What is r(-1)?
-4
Let a(f) = -f**2 - 60*f + 16. Let r(m) = 2*m**2 + 110*m - 32. Let y(o) = -11*a(o) - 6*r(o). Calculate y(0).
16
Let t(m) = -4*m + 4. Let i(d) be the third derivative of -d**4/24 + d**2. Let r(l) = 5*i(l) - t(l). Let y be (2/(-8) - 0) + (13547/92)/(-19). Calculate r(y).
4
Suppose a + 2*p = 2*a + 1, 0 = 5*a - 5*p + 10. Let n(s) = -9*s + 66. Let f be n(6). Let h(o) = o + 1. Let m(r) = 14*r + 12. Let w(t) = f*h(t) - m(t). Give w(a).
6
Let z(d) be the third derivative of 14*d**2 + 0*d - 3*d**3 + 0 - 1/24*d**4. Calculate z(-8).
-10
Let x(d) = d**3 - 5*d**2 - 3*d - 1. Suppose -1158 = -180*k - 13*k. What is x(k)?
17
Suppose 0 = -4*c + 4*s + 17 - 5, -3*c - 5*s = -49. Let u(j) = j**3 - 10*j**2 + 12*j - 9. What is u(c)?
-41
Let c(w) = w**2 - 5*w + 4. Suppose -314 = -5*b + 236. Suppose -73 - 33 = -y. Let r = b - y. Determine c(r).
0
Let j(k) be the second derivative of -k**4/12 + k**3/2 - 3*k**2/2 + 19309*k. Suppose 0 = -3*a + 3*u - 3, -u = 3*a + u - 17. Determine j(a).
-3
Let l(x) = 948*x - 1866*x + 935*x + 9*x**2 - 18*x**2 - 12*x**2. Give l(1).
-4
Suppose 0 = -3*y + 9 - 3. Let c(b) = -5*b**y + 0*b**3 - 4*b + 2*b - b**3. Suppose -15*o + 14 = 89. Determine c(o).
10
Suppose 39 = -4*f - f - c, -2*c - 6 = f. Let p(h) = -11*h - 88. Let q be p(f). Let w(n) = n**3 + n**2 - n - 2. What is w(q)?
-2
Let u(h) = -2*h - h**3 + 2*h**2 + 2 - 6 - 8*h**2. Let c be (1 - (-7)/((-63)/72)) + 4. Determine u(c).
-25
Let p(d) = -d**2 - 4*d - 1. Let i(s) = s**3 + 5*s**2 - 12. Let h be i(-4). Suppose 9 = o - 3*n, 4*n = -10*o + 14*o - h. What is p(o)?
2
Suppose -6*m = -7*m + 24. Suppose -4*j - 4*j + m = 0. Let t(h) = -7*h + 12*h - 3 - 2*h - 7*h + 3*h**j. Determine t(-2).
-19
Let p(u) = 21*u - 6*u - 8 - 1 + 8. Suppose 15*l - 78 + 52 = -11*l. Calculate p(l).
14
Let g(c) = c**3 - 8*c + 2 + 301487*c**2 - 301493*c**2 - 4. Calculate g(5).
-67
Let y(h) be the first derivative of -4*h**2 - 127*h - 5040. Calculate y(-16).
1
Suppose 2*s + y = -4*y + 168, 0 = 4*s + y - 300. Let l(c) = -68*c - 5 - 6 + s*c + c**2. Let t = 2 + -10. Determine l(t).
5
Let r(m) = -3*m**2 + 6*m + 1. Suppose -5*f + 14*i = 10*i - 4, 5*i - 28 = -2*f. Suppose -3*j + 4*b = -9, -17 = 7*j - 2*j + f*b. What is r(j)?
-8
Let n(o) be the first derivative of o**4/4 - 2*o**3/3 + 7*o**2/2 - 15*o + 2344. Calculate n(2).
-1
Let d(s) = 35*s + 105. Let w be d(-3). Let j(p) = 3*p**2 - 2*p - 5. Let t(x) = x**2 - x + 1. Let b(u) = -j(u) + 2*t(u). Give b(w).
7
Let p(y) = 7*y**2 + y. Let h be (5 - (-12 - -10)) + -10. What is p(h)?
60
Let d(k) be the second derivative of -k**8/6720 - k**7/504 + k**6/90 + k**5/30 - 17*k**4/12 + 32*k + 2. Let n(m) be the third derivative of d(m). Give n(-6).
-8
Let p be (-21)/7 - (-10)/2. Suppose 3*r + 8*a - 11 = 10*a, 2*r - p = -4*a. Let v(l) = 0 + 3*l**2 + 2 + 0 - l**3 + 3*l. Determine v(r).
11
Let f be (13 - (-29 + 44))/((-1 - -1) + 1). Let b(s) = -2*s**3 - s**2 - 9*s - 13. Calculate b(f).
17
Let s(o) be the second derivative of 5*o**4/12 + o**3 - 6*o**2 + 10217*o. Determine s(-6).
132
Let f(q) = -9*q. Let m be 1 - (-70)/15*3/(-2). Let t be -2 - 5/(m + 1). Determine f(t).
9
Let u(v) = -166*v + 8 + 19*v**2 + 38*v + 92*v - 7*v**2 - v**3. Let l be u(7). Let t(k) = -19*k - 1. Calculate t(l).
-20
Let l(b) = 34*b - 173. Let a(o) = 35*o - 202. Let h(y) = 6*a(y) - 7*l(y). Calculate h(-2).
55
Let w(h) be the second derivative of -h**3 - h**2 + 0 - 1/20*h**5 - 5*h - 7/12*h**4. What is w(-5)?
-22
Let w(y) be the first derivative of y**6/120 - y**5/5 - y**4/24 + 7*y**3/6 + 143*y**2/2 - 192. Let c(t) be the second derivative of w(t). Determine c(12).
-5
Let d(i) be the third derivative of i**5/60 + i**4/24 - 7*i**3/6 - 378*i**2 + i. Determine d(-3).
-1
Let r be (-5)/(-3) - 2/(-6). Let p = -378 + 375. Let g be r + p + (6 - 4). Let h(q) = 9*q**2 - 1. Calculate h(g).
8
Let y(f) = -f**2 - 8*f - 112. Let t(b) = 2*b**2 + 16*b + 205. Let c(q) = -6*t(q) - 11*y(q). What is c(-8)?
2
Let t(z) = -5*z**3 + 0*z**2 + 4*z**3 + z**2 - 1. Let i(c) = 54*c + 354. Let h be i(-7). Let l be ((-16)/h)/(12/(-18)). Calculate t(l).
1
Let z(h) = 97*h + 16. Let v(m) = 27*m + 4. Let s(g) = -7*v(g) + 2*z(g). Let w be 2*((-15)/6 - -1). Determine s(w).
-11
Let y(c) = -7*c - 5. Let f(q) = 8*q + 6. Let b(r) = 8*r + 6. Let z(n) = -3*b(n) + 2*f(n). Let w(l) = 7*y(l) - 6*z(l). What is w(2)?
-1
Let g(f) = -2*f - 11. Let s be g(7). Let y = s + 30. Let x(t) = -12 + 17*t - 21*t + t**2 + 8. Determine x(y).
1
Let v(w) = -59268 + 29598 + 5*w + 29617. Give v(11).
2
Suppose -5*b = -z - 16 + 139, 2*z - 306 = -5*b. Let x = z + -134. Let k(d) = -d**3 + 10*d**2 - 10*d + 13. What is k(x)?
4
Suppose -38*l - 77*l = 115. Let p(q) = 2*q**3 - 2*q - 3. Determine p(l).
-3
Let i(b) = -b**2 - 2 + 6*b - 5*b + 1. Suppose 0 = -47*c + 45*c + 12, 3*f - c = 9. Determine i(f).
-21
Let z(i) = 2*i - 1. Let s be z(3). Suppose -h = 16 - 19. Suppose -28 = s*d - h. Let o(n) = -n**3 - 5*n**2 - n - 6. Give o(d).
-1
Let w(z) = -6*z - 328 + 2*z + 22*z - z**2 + 164 + 166. What is w(16)?
34
Let l be -6*(-3 - -2)/3. Suppose -l*r - 4 = -0*r. Let o(s) = 144*s + 176*s - 496*s + 175*s. Give o(r).
2
Let t(m) = -m**3 + 4*m**2 - m - 4. Let v be t(3). Let c(r) = -7*r + 222. Let g(l) = 2*l - 70. Let b(i) = -6*c(i) - 19*g(i). What is b(v)?
6
Let p(w) = -2*w**2 - 4*w + 22. Let l = 15658 + -15654. Calculate p(l).
-26
Let f be ((-3)/(-2))/(1/(-2)). Suppose -72 = -2*i + 4*c, -11*i = -7*i + 4*c - 132. Let m(y) = -2*y + 35 - y**3 - y**3 + 0*y**2 - i - 4*y**2. What is m(f)?
25
Let f be 2916/90 - (-6)/(-15). Let g = f + -27. Let p(j) = -3*j - 11. What is p(g)?
-26
Let u(s) = -s**3 - 26*s**2 - 165*s + 57. Let t be u(-14). Let g(k) = -k**3 + 14*k**2 + 20*k - 11. What is g(t)?
64
Let v(f) = -4*f**2 - 12*f + 69. Let m be v(-6). Let w(t) = -4*t**2 - 16*t - 6. Calculate w(m).
6
Suppose f = 4*l + 20, 3*f + 24 = -5*l + 84. Let k be (-66)/55*f/(-3). Let d(s) = 17 - k - 8*s - 10. Calculate d(1).
-9
Let n(l) = 15*l - 15. Let g be n(4). Suppose 7*r - g = -24. Let a(k) be the second derivative of k**4/12 - k**3/2 + 2*k**2 + 3*k. Calculate a(r).
4
Let b be (-6)/(-15) - (-115)/25. Suppose 4*p - 3*o = -23, -b*p - 3*o + 5 = -0. Let j(d) = d**2 + 5*d + 5. Calculate j(p).
-1
Let j(p) = 4*p**3 - 7*p**2 - 139*p. Let b(d) = -7*d**3 + 14*d**2 + 231*d - 1. Let g(c) = -3*b(c) - 5*j(c). Let a be 1/(-1 + (-18)/(-15)). What is g(a)?
-37
Suppose 2*q = 8, -4*s = -68*q + 69*q - 12. Let g(r) be the first